13*g + 111. Suppose -278 + 30 = -30*t + 22. Give c(t).
-6
Let r(z) = -z**3 - 6*z**2 + 21*z + 17. Let h(w) = -2*w**3 - 17*w**2 + 43*w + 33. Let q(y) = 2*h(y) - 5*r(y). Give q(7).
-5
Suppose 205 = 58*w - 317. Let d(o) = -12*o - 4*o + 15*o. Determine d(w).
-9
Let b(k) = -7*k**3 - k**2 + k + 7. Let j(q) = -10*q**3 - q**2 + q + 10. Let v(l) = -7*b(l) + 5*j(l). Let i = -55 + 58. Suppose 0 = 5*r + i*r - 16. What is v(r)?
-3
Let l(p) = 3*p**3 - 7*p**2 + 2. Let y(f) = -4*f**3 + 12*f**2 - 4. Let j(g) = 3*l(g) + 2*y(g). Suppose 2*b + 3 = -1. Let i be 1/b*(-18)/(-3). What is j(i)?
-2
Let t(v) = -v**2 - 14*v - 5. Let b = 59 - 73. Let l be t(b). Let g(c) = -c**2 + 6. Give g(l).
-19
Suppose p + 6 = 2*u, -p + 18 = 2*p + 3*u. Let b(m) = -49*m**2 - 6*m + 25*m**p + 1 + 25*m**2. Give b(6).
1
Let j(k) = -6*k**2 - 176*k - 31. Let d(f) = -4*f**2 - 132*f - 30. Let c(x) = 4*d(x) - 3*j(x). Give c(4).
5
Let i(s) = -4*s + 1. Let z(v) = 3*v. Let h(y) = 4*i(y) + 5*z(y). Let k = 72 - 82. Let u be k/15*-8 - (-8)/(-6). Give h(u).
0
Let g(x) = -2*x**2 - x + 1. Let f(q) = -11*q**2 - 8*q + 9. Let k be 55/(-44) + 1/4. Let i(a) = k*f(a) + 5*g(a). Let n = -1 - 4. Calculate i(n).
6
Let v = 10650 + -10651. Let o(x) = 45*x + 42. Determine o(v).
-3
Let f be (420/(-490))/((-9)/(-84)). Let y(b) = -b**3 - 7*b**2 + 5*b - 14. What is y(f)?
10
Suppose 0 = -6*c - 8*c + 42. Let z(o) = -4*o**2 + 11*o + 4. Let l(q) = -3*q**2 + 6*q + 4. Let g(w) = c*l(w) - 2*z(w). Give g(-7).
-17
Let p(h) be the first derivative of -3*h**2/2 + 5*h + 11. Suppose -14*w - 70 = -406. Suppose 3*c - 4*a - w = 0, 2*a - 8 - 6 = -5*c. Determine p(c).
-7
Let z = 37 - 25. Let d(m) = -4*m**3 + 9*m**2 + 67*m + 15. Let j(k) = 11*k**3 - 28*k**2 - 178*k - 45. Let h(c) = 8*d(c) + 3*j(c). Give h(z).
9
Let j be -3 + 330/36 - (-14 + 20). Let m(p) be the second derivative of 0 - 6*p**2 - j*p**3 - 13*p. What is m(0)?
-12
Suppose 0*x - 25 = -5*x, -35 = 5*o - x. Let p be 10/5*1 - (2 + o). Suppose p*c = -24 + 6. Let s(f) = -f**2 - 4*f - 4. What is s(c)?
-1
Let c(g) be the first derivative of 2*g - 16*g - 17*g**2 + 15*g + 78. Calculate c(1).
-33
Let t(w) be the third derivative of 13*w**7/840 - w**6/360 + w**4/24 - 53*w**3/2 - 7*w**2 + 2*w. Let d(f) be the first derivative of t(f). Determine d(1).
13
Let i(k) be the third derivative of -k**8/20160 - k**6/144 + 7*k**5/30 - 42*k**2 + k. Let q(j) be the third derivative of i(j). What is q(4)?
-21
Suppose 0 = 3*j - 5*j + 8. Let x(r) be the second derivative of r**4/6 - 7*r**3/6 + 2*r**2 + 17*r - 87. Calculate x(j).
8
Suppose 12*o - 78 - 30 = 0. Let b be 0 + -2 - o/((-27)/192). Let r = b + -66. Let w(k) = k. Give w(r).
-4
Let n(m) = 3*m**3 - m**2 + 5*m - 4. Suppose 9*y - 12 = -3. Let v be n(y). Let f(x) = 2*x**3 + x**2 - x + 0*x + 1 - v*x**3 + 2*x. What is f(-1)?
2
Let t(u) be the first derivative of u**4/12 - 4*u**3/3 - 7*u**2/2 + 2*u + 169. Let a(s) be the first derivative of t(s). What is a(10)?
13
Let m(o) = 46*o + 47*o + 15 - 192*o + 46*o + 51*o. Determine m(15).
-15
Let s(b) be the first derivative of -2*b**2 - 5/3*b**3 - 4*b + 112 + 1/4*b**4. Calculate s(5).
-24
Let f(q) = -2*q**3 + 4 + 2*q**2 + q**3 + 2*q + 3*q**2 - 2*q**2. Let h = 930 - 927. Give f(h).
10
Let o = -21 + 22. Let d be ((-18)/(-8) - (-27)/36)/o. Let h(c) = 0*c**d + c**2 + c**3 - 4*c**2 - c + 4*c**2 - 9. Give h(0).
-9
Let x(a) = a**2 + 9*a - 5. Suppose 27269 - 27305 = 4*c. Give x(c).
-5
Suppose q = 7*q - 54. Suppose 38 = -q*z - 52. Let t(j) = -j**3 - 9*j**2 + 9*j - 2. Calculate t(z).
8
Suppose -248*d + 119*d = -123*d + 42. Let j(i) = -20*i - 130. Determine j(d).
10
Let w(l) = -2*l**2 - 17*l - 9. Let g be (((-135)/10)/9)/(3/10). Let c(z) = -3*z**2 - 25*z - 13. Let s(n) = g*c(n) + 7*w(n). Give s(-3).
-7
Let c(y) = -y**2 + 6*y - 8. Suppose j - o + 135 = 0, 126 = -j - 9*o + 13*o. Let f be 483/j*(-1 + -1). What is c(f)?
-15
Let c(x) be the third derivative of -6*x**4 + 5*x**3 + 209*x**2. Let s(u) = 5*u - 1. Let b(k) = c(k) + 30*s(k). Determine b(4).
24
Let i(k) = -2*k**3 + 5*k**2 + k + 11. Let n(g) = 4*g**3 - 8*g**2 - g - 22. Let u(z) = -9*i(z) - 4*n(z). Give u(6).
-77
Suppose 4 = 3*b - 14. Let d(p) = 40*p - 12. Let n(o) be the first derivative of 7*o**2/2 - 2*o + 34. Let a(m) = b*d(m) - 34*n(m). Determine a(5).
6
Suppose -11*l - 6*l = 14*l - 20*l. Let p(n) = 4 + n + 0*n + n**2 - 3. Calculate p(l).
1
Suppose 5*y + 23*q - 20*q = -63, 3*y + 29 = -4*q. Let r be ((-40)/15)/(5/(y/(-2))). Let v(a) = -a**2 - 5*a + 3. Give v(r).
7
Suppose -b + 5 = 0, -p + b = 4*p - 35. Let w(f) = -f**3 - 5*f**2 + 5*f - 4. Let j be w(-6). Let i(s) = -561*s**2 - p*s**3 + 561*s**j - 4*s**3. Calculate i(-1).
12
Let s(t) = 5*t + 68 - 27*t - 11*t - t**2 - 2*t. Calculate s(-37).
-6
Let m(t) be the third derivative of -t**4/24 + 13*t**3/6 + 309*t**2. Let r = 47 - 27. Let u = -14 + r. What is m(u)?
7
Let s(p) = -10*p - 4. Let f = -799 + 797. Determine s(f).
16
Suppose 29*a - 6*a = 115. Let k(s) = 19*s - 12 + a + 3 - 18*s. Determine k(0).
-4
Suppose -7*n - 81 = 5*i + 46, 5*n - 19 = i. Let y(a) = -a - 37. Determine y(i).
-13
Let w(d) = -d**3 - 8*d**2 + 3*d - 9. Let y = 235 - 231. Suppose -4*x - p - 34 = -0*x, y*x = p - 30. Give w(x).
-33
Let k(q) be the second derivative of -2*q**3/3 + 8*q**2 + 3356*q. What is k(13)?
-36
Let v(s) = -73*s - 5. Let k(z) = 24*z + 1. Let p(b) = 3*k(b) + v(b). Determine p(-9).
7
Suppose 4*y + 12 = 0, -9*r + 4*r = 5*y + 40. Let m be -2*-1*(1 + 0). Let z(q) = -4*q + 0*q**2 + m - 3 - 6*q**2 - q**3. Calculate z(r).
-6
Let z(a) = -3*a - 25. Suppose g = -4, 2*c = -0*g - 5*g - 42. Let s be z(c). Let x(i) = -i + 1. What is x(s)?
-7
Let f = 7301 + -7286. Let c(j) = -8*j + 73. Give c(f).
-47
Let r(b) = -2*b**3 + 14386 + 2*b**3 - 2*b - 7*b**2 - b**3 - 14391. Give r(-4).
-45
Suppose -5*w - 29*t + 32*t = -128, 0 = 5*w + t - 124. Let m(r) = -9*r + 215. What is m(w)?
-10
Let r(p) = -p**3 - p**2 + p + 13. Suppose 0 = -2*j + 10, 0 = -3*q - 3*j + 5*j - 25. Let c(i) = -7*i - 35. Let y be c(q). Determine r(y).
13
Let d be 275/35 + 2/14. Suppose -4*c = -h - 3*c - d, -3*c = -h - 16. Let n(x) = x**2 + 6*x + 5. Give n(h).
-3
Let q(p) = -2*p**2 - 4*p. Let a(l) = 3*l**2 + 4*l - 2. Let y(c) = -3*a(c) - 4*q(c). Let g be (-23)/(-3) - 12/18. Calculate y(g).
-15
Let z(o) = 2*o**3 + 73*o**2 + 342*o + 20. Let b be z(-31). Let k(l) = -l**2 - 28*l - 187. Calculate k(b).
0
Suppose 3*g - 2*l = -l + 4, 5*g - 4 = 3*l. Let y(i) = -2*i**2 + 122 + 2*i + i**g + 2*i**2 - 115. What is y(0)?
7
Let k(v) = -v**2 - 70*v - 200. Let j be k(-3). Let f(w) = 34*w**2 + 2*w - 2. What is f(j)?
34
Let r(y) = 13*y**2 + y**3 + 0*y**3 - 6*y**2 - 2*y - 2 + 8*y. Suppose 0 = -6*i + 21*i - 75. Suppose 4*c - 36 = 4*x, 0 = -i*x + 8*c - 4*c - 42. Give r(x).
-2
Let s(h) = h - 26. Let g(b) = 68*b**2 - 204*b. Let n be g(3). Calculate s(n).
-26
Let k = -1227 - -1228. Let g(m) = 23*m**3 + 1. Give g(k).
24
Suppose 0 = 2*p - 6*p. Let f(n) = -4*n**2 + 42*n - 18. Let t be f(10). Suppose -3*z - 2*m = t*m + 5, z + 2*m + 1 = p. Let h(y) = -y**2 + y + 2. Give h(z).
-10
Let i(k) be the second derivative of 0 + 30*k + 1/2*k**4 + 1/3*k**3 + 1/2*k**2. Give i(-1).
5
Let a(c) = c**2 + 8*c + 4. Suppose 22*h = 40*h - 630. Suppose 2*q - 3*q = -2*j - 50, -5*q = 4*j - 306. Suppose -63*x = -q*x + h. Determine a(x).
-3
Let w(h) be the second derivative of -4*h**3/3 + 3*h**2/2 + 8*h. Let r = -18814 + 18818. Give w(r).
-29
Let s(l) = -l**2 + 2*l + 1. Let p(u) = -1. Let d = -163 - -162. Let v(b) = d*p(b) + s(b). Suppose -2*a = -0*a - 6. Determine v(a).
-1
Let o(s) be the second derivative of s**6/720 - s**5/15 + 77*s**4/12 - 120*s. Let r(j) be the third derivative of o(j). Determine r(13).
5
Let o(d) = -2*d**3 - 3*d**2 + 11*d + 22. Suppose 260 - 350 = 45*h. Give o(h).
4
Let l(w) = 11*w + 74. Let q(m) = -m**2 - 110*m + 1868. Let c be q(-125). What is l(c)?
-3
Let m(x) = -x**2 - 28*x - 14. Let d = -3289 - -3266. Calculate m(d).
101
Let r(v) = v**2 + 10*v - 2. Suppose 5*w - 3*k + 883 = -71, w + 3*k + 198 = 0. Let z = -201 - w. Determine r(z).
-11
Let i(z) be the third derivative of z**5/60 + 5*z**4/24 - 5*z**3/6 - 9*z**2 + 3*z. Calculate i(2).
9
Let n(t) = -1215 + 2577 - 4*t - 1301. Calculate n(8).
29
Let g(x) = x**3 - x - 11. Let m(o) = -4*o - 4 + 12*o - 4*o - o**2. Let q = 6 + -4. Let z be m(q). Determine g(z).
-11
Let w(z) b